List the prime factors of 270448.
2, 16903
What are the prime factors of 7028101?
7028101
List the prime factors of 1921821.
3, 11, 58237
List the prime factors of 442735.
5, 88547
List the prime factors of 17736233.
17736233
What are the prime factors of 7736564?
2, 11, 17, 10343
What are the prime factors of 633227?
7, 12923
What are the prime factors of 196746?
2, 3, 11, 271
What are the prime factors of 373875?
3, 5, 997
What are the prime factors of 1138754?
2, 31, 18367
What are the prime factors of 1397862?
2, 3, 77659
List the prime factors of 16215603.
3, 17, 109, 2917
List the prime factors of 1927793.
7, 275399
What are the prime factors of 1285599?
3, 7, 29, 2111
List the prime factors of 8690218.
2, 2039, 2131
What are the prime factors of 718782?
2, 3, 119797
List the prime factors of 883886.
2, 113, 3911
What are the prime factors of 11334060?
2, 3, 5, 139, 151
What are the prime factors of 11452538?
2, 5726269
List the prime factors of 344810.
2, 5, 29, 41
What are the prime factors of 660012?
2, 3, 55001
List the prime factors of 244900.
2, 5, 31, 79
List the prime factors of 1460670.
2, 3, 5, 181, 269
What are the prime factors of 3193704?
2, 3, 44357
List the prime factors of 782586.
2, 3, 7, 6211
What are the prime factors of 1340971?
113, 11867
What are the prime factors of 964817?
7, 137831
What are the prime factors of 367763?
11, 67, 499
What are the prime factors of 4348860?
2, 3, 5, 72481
What are the prime factors of 152809?
152809
List the prime factors of 185087.
7, 137, 193
What are the prime factors of 155109?
3, 149, 347
List the prime factors of 414542.
2, 19, 10909
What are the prime factors of 1467966?
2, 3, 89, 2749
What are the prime factors of 17353496?
2, 41, 191, 277
What are the prime factors of 5066320?
2, 5, 7, 83, 109
List the prime factors of 664445.
5, 17, 7817
What are the prime factors of 330246?
2, 3, 7, 2621
List the prime factors of 7781031.
3, 31, 167
What are the prime factors of 20307499?
67, 303097
What are the prime factors of 3501764?
2, 7, 125063
List the prime factors of 5573360.
2, 5, 13, 23, 233
What are the prime factors of 6638547?
3, 73, 30313
What are the prime factors of 392584?
2, 31, 1583
List the prime factors of 56764.
2, 23, 617
List the prime factors of 7293844.
2, 109, 16729
What are the prime factors of 2133566?
2, 109, 9787
List the prime factors of 102769.
102769
List the prime factors of 2226821.
263, 8467
List the prime factors of 6135997.
7, 17, 51563
What are the prime factors of 1102023?
3, 13, 9419
What are the prime factors of 534844?
2, 133711
What are the prime factors of 968085?
3, 5, 71, 101
What are the prime factors of 2554707?
3, 851569
List the prime factors of 123373.
123373
List the prime factors of 5195517.
3, 373, 4643
List the prime factors of 36361383.
3, 19, 41, 15559
What are the prime factors of 115545?
3, 5, 7703
What are the prime factors of 150272?
2, 587
What are the prime factors of 113992?
2, 14249
What are the prime factors of 274206?
2, 3, 23, 1987
List the prime factors of 557012.
2, 131, 1063
List the prime factors of 2948982.
2, 3, 491497
List the prime factors of 1290405.
3, 5, 86027
What are the prime factors of 2163872?
2, 19, 3559
List the prime factors of 1234731.
3, 411577
List the prime factors of 382316.
2, 11, 8689
What are the prime factors of 380207?
380207
What are the prime factors of 473833?
473833
What are the prime factors of 124468?
2, 29, 37
List the prime factors of 279475.
5, 7, 1597
List the prime factors of 219488.
2, 19
What are the prime factors of 5088033?
3, 565337
List the prime factors of 3550852.
2, 71, 12503
List the prime factors of 5041281.
3, 7, 67, 3583
What are the prime factors of 2705228?
2, 61, 11087
List the prime factors of 1055956.
2, 11, 103, 233
What are the prime factors of 3293985?
3, 5, 219599
What are the prime factors of 430368?
2, 3, 4483
What are the prime factors of 34627?
31, 1117
List the prime factors of 24276161.
7, 13, 29, 9199
List the prime factors of 480262.
2, 240131
What are the prime factors of 14732?
2, 29, 127
What are the prime factors of 7356008?
2, 11, 83591
What are the prime factors of 263932?
2, 65983
What are the prime factors of 9831383?
9831383
What are the prime factors of 240028?
2, 23, 2609
List the prime factors of 463058.
2, 231529
What are the prime factors of 117234?
2, 3, 13, 167
What are the prime factors of 15747935?
5, 7, 449941
What are the prime factors of 4286715?
3, 5, 285781
List the prime factors of 14657718.
2, 3, 1559, 1567
List the prime factors of 153905.
5, 30781
What are the prime factors of 5584743?
3, 31, 37, 541
List the prime factors of 1219191.
3, 406397
List the prime factors of 599781.
3, 7, 13
What are the prime factors of 240920?
2, 5, 19, 317
What are the prime factors of 6163792?
2, 17, 31, 43
What are the prime factors of 4728441?
3, 773, 2039
What are the prime factors of 347713?
463, 751
List the prime factors of 23005424.
2, 13, 110603
List the prime factors of 2730440.
2, 5, 68261
What are the prime factors of 3960503?
827, 4789
What are the prime factors of 33011809?
79, 103, 4057
What are the prime factors of 4718982?
2, 3, 457, 1721
List the prime factors of 359317.
7, 7333
List the prime factors of 1338822.
2, 3, 24793
What are the prime factors of 760065?
3, 5, 50671
What are the prime factors of 402909?
3, 13, 10331
What are the prime factors of 15489184?
2, 484037
List the prime factors of 935381.
935381
List the prime factors of 1619293.
13, 124561
List the prime factors of 33730.
2, 5, 3373
List the prime factors of 30862.
2, 13, 1187
What are the prime factors of 247021?
337, 733
List the prime factors of 336141.
3, 13, 17
List the prime factors of 4288979.
4288979
What are the prime factors of 4121366?
2, 19, 108457
What are the prime factors of 740535?
3, 5, 49369
What are the prime factors of 905756?
2, 367, 617
What are the prime factors of 2779936?
2, 109, 797
What are the prime factors of 1310311?
1310311
What are the prime factors of 21915073?
71, 308663
What are the prime factors of 57331?
57331
What are the prime factors of 381132?
2, 3, 3529
What are the prime factors of 2300223?
3, 41, 18701
List the prime factors of 1513788.
2, 3, 101, 1249
What are the prime factors of 9382688?
2, 7, 41887
What are the prime factors of 11186139?
3, 3728713
List the prime factors of 545084.
2, 29, 37, 127
List the prime factors of 7425400.
2, 5, 137, 271
List the prime factors of 8197430.
2, 5, 23, 29, 1229
List the prime factors of 763741.
11, 69431
List the prime factors of 300098.
2, 181, 829
What are the prime factors of 24254075?
5, 23, 42181
What are the prime factors of 2430037?
397, 6121
What are the prime factors of 12375930?
2, 3, 5, 7, 8419
What are the prime factors of 550032?
2, 3, 7, 1637
What are the prime factors of 2139050?
2, 5, 179, 239
List the prime factors of 133267.
71, 1877
What are the prime factors of 6555849?
3, 31, 157, 449
What are the prime factors of 13817158?
2, 17, 23, 17669
What are the prime factors of 233948?
2, 11, 13, 409
What are the prime factors of 12310141?
191, 64451
What are the prime factors of 2031967?
7, 53, 5477
List the prime factors of 1281783.
3, 17, 41, 613
What are the prime factors of 89654?
2, 23, 1949
What are the prime factors of 119010?
2, 3, 5, 3967
What are the prime factors of 633471?
3, 17, 12421
List the prime factors of 1331891.
11, 121081
List the prime factors of 1851131.
53, 659
What are the prime factors of 1180408?
2, 147551
What are the prime factors of 4019840?
2, 5, 11, 571
List the prime factors of 18975280.
2, 5, 29, 8179
List the prime factors of 347520.
2, 3, 5, 181
List the prime factors of 631894.
2, 139, 2273
What are the prime factors of 6826979?
17, 401587
What are the prime factors of 1789649?
1789649
List the prime factors of 3914868.
2, 3, 311, 1049
What are the prime factors of 3626563?
3626563
List the prime factors of 4716068.
2, 7, 43, 3917
List the prime factors of 1261459.
1261459
List the prime factors of 16071509.
47, 341947
What are the prime factors of 683309?
11, 62119
What are the prime factors of 11951990?
2, 5, 197, 6067
List the prime factors of 31104.
2, 3
What are the prime factors of 258540?
2, 3, 5, 31, 139
List t